{"id":1181,"date":"2020-03-03T11:17:15","date_gmt":"2020-03-03T10:17:15","guid":{"rendered":"https:\/\/www.fotografie-moerke.de\/site\/?page_id=1181"},"modified":"2022-12-05T12:36:28","modified_gmt":"2022-12-05T11:36:28","slug":"reproduktionen","status":"publish","type":"page","link":"https:\/\/www.fotografie-moerke.de\/site\/reproduktionen\/","title":{"rendered":"Reproduktionen"},"content":{"rendered":"\t\t<div data-elementor-type=\"wp-page\" data-elementor-id=\"1181\" class=\"elementor elementor-1181\" data-elementor-post-type=\"page\">\n\t\t\t\t\t\t<section class=\"elementor-section elementor-top-section elementor-element elementor-element-6dfdbb9 elementor-section-boxed elementor-section-height-default elementor-section-height-default\" data-id=\"6dfdbb9\" data-element_type=\"section\">\n\t\t\t\t\t\t<div class=\"elementor-container elementor-column-gap-default\">\n\t\t\t\t\t<div class=\"elementor-column elementor-col-100 elementor-top-column elementor-element elementor-element-27687f3\" data-id=\"27687f3\" data-element_type=\"column\">\n\t\t\t<div class=\"elementor-widget-wrap elementor-element-populated\">\n\t\t\t\t\t\t<div class=\"elementor-element elementor-element-c76a8b1 elementor-widget elementor-widget-image\" data-id=\"c76a8b1\" data-element_type=\"widget\" data-widget_type=\"image.default\">\n\t\t\t\t<div class=\"elementor-widget-container\">\n\t\t\t\t\t\t\t\t\t\t\t\t\t<img fetchpriority=\"high\" decoding=\"async\" width=\"525\" height=\"315\" src=\"https:\/\/www.fotografie-moerke.de\/site\/wp-content\/uploads\/2018\/03\/theme013-1024x614.jpg\" class=\"attachment-large size-large wp-image-396\" alt=\"\" srcset=\"https:\/\/www.fotografie-moerke.de\/site\/wp-content\/uploads\/2018\/03\/theme013-1024x614.jpg 1024w, https:\/\/www.fotografie-moerke.de\/site\/wp-content\/uploads\/2018\/03\/theme013-scaled-350x210.jpg 350w, https:\/\/www.fotografie-moerke.de\/site\/wp-content\/uploads\/2018\/03\/theme013-300x180.jpg 300w, https:\/\/www.fotografie-moerke.de\/site\/wp-content\/uploads\/2018\/03\/theme013-768x461.jpg 768w, https:\/\/www.fotografie-moerke.de\/site\/wp-content\/uploads\/2018\/03\/theme013-2000x1200.jpg 2000w\" sizes=\"100vw\" \/>\t\t\t\t\t\t\t\t\t\t\t\t\t<\/div>\n\t\t\t\t<\/div>\n\t\t\t\t\t<\/div>\n\t\t<\/div>\n\t\t\t\t\t<\/div>\n\t\t<\/section>\n\t\t\t\t<section class=\"elementor-section elementor-top-section elementor-element elementor-element-4dc5c3f elementor-section-boxed elementor-section-height-default elementor-section-height-default\" data-id=\"4dc5c3f\" data-element_type=\"section\">\n\t\t\t\t\t\t<div class=\"elementor-container elementor-column-gap-default\">\n\t\t\t\t\t<div class=\"elementor-column elementor-col-100 elementor-top-column elementor-element elementor-element-5ccb072\" data-id=\"5ccb072\" data-element_type=\"column\">\n\t\t\t<div class=\"elementor-widget-wrap elementor-element-populated\">\n\t\t\t\t\t\t<div class=\"elementor-element elementor-element-26e79c6 elementor-widget elementor-widget-text-editor\" data-id=\"26e79c6\" data-element_type=\"widget\" data-widget_type=\"text-editor.default\">\n\t\t\t\t<div class=\"elementor-widget-container\">\n\t\t\t\t\t\t\t<p>Wir digitalisieren deine alten Bilder und machen daraus neue! Bei Bedarf retuschieren wir Knicke und Verunreinigungen heraus. Farbstiche k\u00f6nnen entfernt oder gemildert werden. Komm einfach mit deinem Bild vorbei, und wir erkl\u00e4ren dir deine M\u00f6glichkeiten.<\/p>\t\t\t\t\t\t<\/div>\n\t\t\t\t<\/div>\n\t\t\t\t\t<\/div>\n\t\t<\/div>\n\t\t\t\t\t<\/div>\n\t\t<\/section>\n\t\t\t\t<section class=\"elementor-section elementor-top-section elementor-element elementor-element-6681c974 elementor-section-boxed elementor-section-height-default elementor-section-height-default\" data-id=\"6681c974\" data-element_type=\"section\">\n\t\t\t\t\t\t<div class=\"elementor-container elementor-column-gap-default\">\n\t\t\t\t\t<div class=\"elementor-column elementor-col-100 elementor-top-column elementor-element elementor-element-3b0a31aa\" data-id=\"3b0a31aa\" data-element_type=\"column\">\n\t\t\t<div class=\"elementor-widget-wrap elementor-element-populated\">\n\t\t\t\t\t\t<div class=\"elementor-element elementor-element-3cbd46bf elementor-widget elementor-widget-accordion\" data-id=\"3cbd46bf\" data-element_type=\"widget\" data-widget_type=\"accordion.default\">\n\t\t\t\t<div class=\"elementor-widget-container\">\n\t\t\t\t\t<div class=\"elementor-accordion\">\n\t\t\t\t\t\t\t<div class=\"elementor-accordion-item\">\n\t\t\t\t\t<div id=\"elementor-tab-title-1011\" class=\"elementor-tab-title\" data-tab=\"1\" role=\"button\" aria-controls=\"elementor-tab-content-1011\" aria-expanded=\"false\">\n\t\t\t\t\t\t\t\t\t\t\t\t\t<span class=\"elementor-accordion-icon elementor-accordion-icon-left\" aria-hidden=\"true\">\n\t\t\t\t\t\t\t\t\t\t\t\t\t\t\t<span class=\"elementor-accordion-icon-closed\"><i class=\"fas fa-plus\"><\/i><\/span>\n\t\t\t\t\t\t\t\t<span class=\"elementor-accordion-icon-opened\"><i class=\"fas fa-minus\"><\/i><\/span>\n\t\t\t\t\t\t\t\t\t\t\t\t\t\t<\/span>\n\t\t\t\t\t\t\t\t\t\t\t\t<a class=\"elementor-accordion-title\" tabindex=\"0\">Was kann digitalisiert werden?<\/a>\n\t\t\t\t\t<\/div>\n\t\t\t\t\t<div id=\"elementor-tab-content-1011\" class=\"elementor-tab-content elementor-clearfix\" data-tab=\"1\" role=\"region\" aria-labelledby=\"elementor-tab-title-1011\"><p>Fotos, Dias, Gem\u00e4lde, Kleinbildfilme, Mittelformatfilme, Glasnegative und \u00c4hnliches. Vom winzigen Passbild bis zur komplett bemalten Wand.<a href=\"https:\/\/www.fotografie-moerke.de\/site\/digitalisierung-film-und-video\/\">Wenn du dich f\u00fcr Digitalisierungen von Super 8 oder Videofilmen interessierst, klicke hier!<\/a><\/p><\/div>\n\t\t\t\t<\/div>\n\t\t\t\t\t\t\t<div class=\"elementor-accordion-item\">\n\t\t\t\t\t<div id=\"elementor-tab-title-1012\" class=\"elementor-tab-title\" data-tab=\"2\" role=\"button\" aria-controls=\"elementor-tab-content-1012\" aria-expanded=\"false\">\n\t\t\t\t\t\t\t\t\t\t\t\t\t<span class=\"elementor-accordion-icon elementor-accordion-icon-left\" aria-hidden=\"true\">\n\t\t\t\t\t\t\t\t\t\t\t\t\t\t\t<span class=\"elementor-accordion-icon-closed\"><i class=\"fas fa-plus\"><\/i><\/span>\n\t\t\t\t\t\t\t\t<span class=\"elementor-accordion-icon-opened\"><i class=\"fas fa-minus\"><\/i><\/span>\n\t\t\t\t\t\t\t\t\t\t\t\t\t\t<\/span>\n\t\t\t\t\t\t\t\t\t\t\t\t<a class=\"elementor-accordion-title\" tabindex=\"0\">Was kostet das Digitalisieren von Fotos?<\/a>\n\t\t\t\t\t<\/div>\n\t\t\t\t\t<div id=\"elementor-tab-content-1012\" class=\"elementor-tab-content elementor-clearfix\" data-tab=\"2\" role=\"region\" aria-labelledby=\"elementor-tab-title-1012\"><p>Unsere Standart-Digitalisierung hei\u00dft Eco-Scan: 8,5 EUR Grundpreis inkl. USB-Stick, 0,89 EUR pro Bild. Von jedem Bild bekommst du drei Dateien: Vorderseite wie gescannt, Vorderseite mit automatischer Kontrastverbesserung, R\u00fcckseite (So werden gegebenenf. Bildnummern und Beschriftungen erfasst!)<\/p><p>Scanaufl\u00f6sung 1200 dpi, Produktionszeit innerhalb von drei Werktagen<\/p><\/div>\n\t\t\t\t<\/div>\n\t\t\t\t\t\t\t<div class=\"elementor-accordion-item\">\n\t\t\t\t\t<div id=\"elementor-tab-title-1013\" class=\"elementor-tab-title\" data-tab=\"3\" role=\"button\" aria-controls=\"elementor-tab-content-1013\" aria-expanded=\"false\">\n\t\t\t\t\t\t\t\t\t\t\t\t\t<span class=\"elementor-accordion-icon elementor-accordion-icon-left\" aria-hidden=\"true\">\n\t\t\t\t\t\t\t\t\t\t\t\t\t\t\t<span class=\"elementor-accordion-icon-closed\"><i class=\"fas fa-plus\"><\/i><\/span>\n\t\t\t\t\t\t\t\t<span class=\"elementor-accordion-icon-opened\"><i class=\"fas fa-minus\"><\/i><\/span>\n\t\t\t\t\t\t\t\t\t\t\t\t\t\t<\/span>\n\t\t\t\t\t\t\t\t\t\t\t\t<a class=\"elementor-accordion-title\" tabindex=\"0\">Was kann man aus den Bildern machen?<\/a>\n\t\t\t\t\t<\/div>\n\t\t\t\t\t<div id=\"elementor-tab-content-1013\" class=\"elementor-tab-content elementor-clearfix\" data-tab=\"3\" role=\"region\" aria-labelledby=\"elementor-tab-title-1013\"><p>Bei einer Reproduktion erh\u00e4tst du grunds\u00e4tzlich die Datei. Dazu k\u00f6nnen wir dir nat\u00fcrlich Abz\u00fcge in allen Gr\u00f6\u00dfen machen. Wir f\u00fchren sogar Papiere, die alte Bilder nachempfinden!<\/p><\/div>\n\t\t\t\t<\/div>\n\t\t\t\t\t\t\t<div class=\"elementor-accordion-item\">\n\t\t\t\t\t<div id=\"elementor-tab-title-1014\" class=\"elementor-tab-title\" data-tab=\"4\" role=\"button\" aria-controls=\"elementor-tab-content-1014\" aria-expanded=\"false\">\n\t\t\t\t\t\t\t\t\t\t\t\t\t<span class=\"elementor-accordion-icon elementor-accordion-icon-left\" aria-hidden=\"true\">\n\t\t\t\t\t\t\t\t\t\t\t\t\t\t\t<span class=\"elementor-accordion-icon-closed\"><i class=\"fas fa-plus\"><\/i><\/span>\n\t\t\t\t\t\t\t\t<span class=\"elementor-accordion-icon-opened\"><i class=\"fas fa-minus\"><\/i><\/span>\n\t\t\t\t\t\t\t\t\t\t\t\t\t\t<\/span>\n\t\t\t\t\t\t\t\t\t\t\t\t<a class=\"elementor-accordion-title\" tabindex=\"0\">Ich brauche ganz schnell Bild vom Bild!<\/a>\n\t\t\t\t\t<\/div>\n\t\t\t\t\t<div id=\"elementor-tab-content-1014\" class=\"elementor-tab-content elementor-clearfix\" data-tab=\"4\" role=\"region\" aria-labelledby=\"elementor-tab-title-1014\"><p>Kein Problem. An unseren Hausbild-Terminals gibt es eine SB-Variante, wo du von Fotos bis 20&#215;30 cm direkt neue Fotos bekommen kannst. Du zahlst nur die Abz\u00fcge.\u00a0<\/p><\/div>\n\t\t\t\t<\/div>\n\t\t\t\t\t\t\t<div class=\"elementor-accordion-item\">\n\t\t\t\t\t<div id=\"elementor-tab-title-1015\" class=\"elementor-tab-title\" data-tab=\"5\" role=\"button\" aria-controls=\"elementor-tab-content-1015\" aria-expanded=\"false\">\n\t\t\t\t\t\t\t\t\t\t\t\t\t<span class=\"elementor-accordion-icon elementor-accordion-icon-left\" aria-hidden=\"true\">\n\t\t\t\t\t\t\t\t\t\t\t\t\t\t\t<span class=\"elementor-accordion-icon-closed\"><i class=\"fas fa-plus\"><\/i><\/span>\n\t\t\t\t\t\t\t\t<span class=\"elementor-accordion-icon-opened\"><i class=\"fas fa-minus\"><\/i><\/span>\n\t\t\t\t\t\t\t\t\t\t\t\t\t\t<\/span>\n\t\t\t\t\t\t\t\t\t\t\t\t<a class=\"elementor-accordion-title\" tabindex=\"0\">Was kostet eine Reproduktion?<\/a>\n\t\t\t\t\t<\/div>\n\t\t\t\t\t<div id=\"elementor-tab-content-1015\" class=\"elementor-tab-content elementor-clearfix\" data-tab=\"5\" role=\"region\" aria-labelledby=\"elementor-tab-title-1015\"><p>Bei Aufsichtsvorlagen bis 20&#215;30 cm 8,00 EUR pro Bild. Wir digitalisieren dein Bild und bearbeiten Kontrast und Farbgebung, bis es dem Original entspricht. Das ist quasi Handarbeit, w\u00e4hrend der g\u00fcnstigere Eco-Scan eher ein Maschinenprodukt ist. F\u00fcr alles andere, Mengenrabatte und weitere M\u00f6glichkeiten frag uns gern an! Wir haben f\u00fcr jeden Geldbeutel und jeden Anspruch das passende Produkt.<\/p><\/div>\n\t\t\t\t<\/div>\n\t\t\t\t\t\t\t<div class=\"elementor-accordion-item\">\n\t\t\t\t\t<div id=\"elementor-tab-title-1016\" class=\"elementor-tab-title\" data-tab=\"6\" role=\"button\" aria-controls=\"elementor-tab-content-1016\" aria-expanded=\"false\">\n\t\t\t\t\t\t\t\t\t\t\t\t\t<span class=\"elementor-accordion-icon elementor-accordion-icon-left\" aria-hidden=\"true\">\n\t\t\t\t\t\t\t\t\t\t\t\t\t\t\t<span class=\"elementor-accordion-icon-closed\"><i class=\"fas fa-plus\"><\/i><\/span>\n\t\t\t\t\t\t\t\t<span class=\"elementor-accordion-icon-opened\"><i class=\"fas fa-minus\"><\/i><\/span>\n\t\t\t\t\t\t\t\t\t\t\t\t\t\t<\/span>\n\t\t\t\t\t\t\t\t\t\t\t\t<a class=\"elementor-accordion-title\" tabindex=\"0\">Ich habe Sonderw\u00fcnsche!<\/a>\n\t\t\t\t\t<\/div>\n\t\t\t\t\t<div id=\"elementor-tab-content-1016\" class=\"elementor-tab-content elementor-clearfix\" data-tab=\"6\" role=\"region\" aria-labelledby=\"elementor-tab-title-1016\"><p>Dann bist du bei uns richtig. Ruf uns am Besten an (05201 &#8211; 35 24) oder komm vorbei.\u00a0 Probleml\u00f6sungen sind unser Spezialgebiet!<\/p><\/div>\n\t\t\t\t<\/div>\n\t\t\t\t\t\t\t\t<\/div>\n\t\t\t\t<\/div>\n\t\t\t\t<\/div>\n\t\t\t\t\t<\/div>\n\t\t<\/div>\n\t\t\t\t\t<\/div>\n\t\t<\/section>\n\t\t\t\t<\/div>\n\t\t","protected":false},"excerpt":{"rendered":"<p>Wir digitalisieren deine alten Bilder und machen daraus neue! Bei Bedarf retuschieren wir Knicke und Verunreinigungen heraus. Farbstiche k\u00f6nnen entfernt oder gemildert werden. Komm einfach mit deinem Bild vorbei, und wir erkl\u00e4ren dir deine M\u00f6glichkeiten. Was kann digitalisiert werden? Fotos, Dias, Gem\u00e4lde, Kleinbildfilme, Mittelformatfilme, Glasnegative und \u00c4hnliches. Vom winzigen Passbild bis zur komplett bemalten Wand.Wenn &hellip; <\/p>\n<p class=\"link-more\"><a href=\"https:\/\/www.fotografie-moerke.de\/site\/reproduktionen\/\" class=\"more-link\"><span class=\"screen-reader-text\">\u201eReproduktionen\u201c<\/span> weiterlesen<\/a><\/p>\n","protected":false},"author":1,"featured_media":0,"parent":0,"menu_order":15,"comment_status":"closed","ping_status":"closed","template":"","meta":{"footnotes":""},"class_list":["post-1181","page","type-page","status-publish","hentry"],"yoast_head":"<!-- This site is optimized with the Yoast SEO plugin v25.6 - https:\/\/yoast.com\/wordpress\/plugins\/seo\/ -->\n<title>Reproduktionen - Fotografie M\u00f6rke<\/title>\n<meta name=\"robots\" content=\"index, follow, max-snippet:-1, max-image-preview:large, max-video-preview:-1\" \/>\n<link rel=\"canonical\" href=\"https:\/\/www.fotografie-moerke.de\/site\/reproduktionen\/\" \/>\n<meta property=\"og:locale\" content=\"de_DE\" \/>\n<meta property=\"og:type\" content=\"article\" \/>\n<meta property=\"og:title\" content=\"Reproduktionen - Fotografie M\u00f6rke\" \/>\n<meta property=\"og:description\" content=\"Wir digitalisieren deine alten Bilder und machen daraus neue! Bei Bedarf retuschieren wir Knicke und Verunreinigungen heraus. Farbstiche k\u00f6nnen entfernt oder gemildert werden. Komm einfach mit deinem Bild vorbei, und wir erkl\u00e4ren dir deine M\u00f6glichkeiten. Was kann digitalisiert werden? Fotos, Dias, Gem\u00e4lde, Kleinbildfilme, Mittelformatfilme, Glasnegative und \u00c4hnliches. Vom winzigen Passbild bis zur komplett bemalten Wand.Wenn &hellip; \u201eReproduktionen\u201c weiterlesen\" \/>\n<meta property=\"og:url\" content=\"https:\/\/www.fotografie-moerke.de\/site\/reproduktionen\/\" \/>\n<meta property=\"og:site_name\" content=\"Fotografie M\u00f6rke\" \/>\n<meta property=\"article:publisher\" content=\"https:\/\/www.facebook.com\/fotografiemoerke\" \/>\n<meta property=\"article:modified_time\" content=\"2022-12-05T11:36:28+00:00\" \/>\n<meta property=\"og:image\" content=\"https:\/\/www.fotografie-moerke.de\/site\/wp-content\/uploads\/2018\/03\/theme013-1024x614.jpg\" \/>\n<meta name=\"twitter:card\" content=\"summary_large_image\" \/>\n<meta name=\"twitter:label1\" content=\"Gesch\u00e4tzte Lesezeit\" \/>\n\t<meta name=\"twitter:data1\" content=\"2\u00a0Minuten\" \/>\n<script type=\"application\/ld+json\" class=\"yoast-schema-graph\">{\"@context\":\"https:\/\/schema.org\",\"@graph\":[{\"@type\":\"WebPage\",\"@id\":\"https:\/\/www.fotografie-moerke.de\/site\/reproduktionen\/\",\"url\":\"https:\/\/www.fotografie-moerke.de\/site\/reproduktionen\/\",\"name\":\"Reproduktionen - Fotografie M\u00f6rke\",\"isPartOf\":{\"@id\":\"https:\/\/www.fotografie-moerke.de\/site\/#website\"},\"primaryImageOfPage\":{\"@id\":\"https:\/\/www.fotografie-moerke.de\/site\/reproduktionen\/#primaryimage\"},\"image\":{\"@id\":\"https:\/\/www.fotografie-moerke.de\/site\/reproduktionen\/#primaryimage\"},\"thumbnailUrl\":\"https:\/\/www.fotografie-moerke.de\/site\/wp-content\/uploads\/2018\/03\/theme013-1024x614.jpg\",\"datePublished\":\"2020-03-03T10:17:15+00:00\",\"dateModified\":\"2022-12-05T11:36:28+00:00\",\"breadcrumb\":{\"@id\":\"https:\/\/www.fotografie-moerke.de\/site\/reproduktionen\/#breadcrumb\"},\"inLanguage\":\"de\",\"potentialAction\":[{\"@type\":\"ReadAction\",\"target\":[\"https:\/\/www.fotografie-moerke.de\/site\/reproduktionen\/\"]}]},{\"@type\":\"ImageObject\",\"inLanguage\":\"de\",\"@id\":\"https:\/\/www.fotografie-moerke.de\/site\/reproduktionen\/#primaryimage\",\"url\":\"https:\/\/www.fotografie-moerke.de\/site\/wp-content\/uploads\/2018\/03\/theme013-scaled.jpg\",\"contentUrl\":\"https:\/\/www.fotografie-moerke.de\/site\/wp-content\/uploads\/2018\/03\/theme013-scaled.jpg\",\"width\":2560,\"height\":1536},{\"@type\":\"BreadcrumbList\",\"@id\":\"https:\/\/www.fotografie-moerke.de\/site\/reproduktionen\/#breadcrumb\",\"itemListElement\":[{\"@type\":\"ListItem\",\"position\":1,\"name\":\"Startseite\",\"item\":\"https:\/\/www.fotografie-moerke.de\/site\/\"},{\"@type\":\"ListItem\",\"position\":2,\"name\":\"Reproduktionen\"}]},{\"@type\":\"WebSite\",\"@id\":\"https:\/\/www.fotografie-moerke.de\/site\/#website\",\"url\":\"https:\/\/www.fotografie-moerke.de\/site\/\",\"name\":\"Fotografie M\u00f6rke\",\"description\":\"Immer besonders.\",\"publisher\":{\"@id\":\"https:\/\/www.fotografie-moerke.de\/site\/#organization\"},\"potentialAction\":[{\"@type\":\"SearchAction\",\"target\":{\"@type\":\"EntryPoint\",\"urlTemplate\":\"https:\/\/www.fotografie-moerke.de\/site\/?s={search_term_string}\"},\"query-input\":{\"@type\":\"PropertyValueSpecification\",\"valueRequired\":true,\"valueName\":\"search_term_string\"}}],\"inLanguage\":\"de\"},{\"@type\":\"Organization\",\"@id\":\"https:\/\/www.fotografie-moerke.de\/site\/#organization\",\"name\":\"Fotografie M\u00f6rke\",\"url\":\"https:\/\/www.fotografie-moerke.de\/site\/\",\"logo\":{\"@type\":\"ImageObject\",\"inLanguage\":\"de\",\"@id\":\"https:\/\/www.fotografie-moerke.de\/site\/#\/schema\/logo\/image\/\",\"url\":\"https:\/\/www.fotografie-moerke.de\/site\/wp-content\/uploads\/2017\/02\/Logo.jpg\",\"contentUrl\":\"https:\/\/www.fotografie-moerke.de\/site\/wp-content\/uploads\/2017\/02\/Logo.jpg\",\"width\":3508,\"height\":1156,\"caption\":\"Fotografie M\u00f6rke\"},\"image\":{\"@id\":\"https:\/\/www.fotografie-moerke.de\/site\/#\/schema\/logo\/image\/\"},\"sameAs\":[\"https:\/\/www.facebook.com\/fotografiemoerke\"]}]}<\/script>\n<!-- \/ Yoast SEO plugin. -->","yoast_head_json":{"title":"Reproduktionen - Fotografie M\u00f6rke","robots":{"index":"index","follow":"follow","max-snippet":"max-snippet:-1","max-image-preview":"max-image-preview:large","max-video-preview":"max-video-preview:-1"},"canonical":"https:\/\/www.fotografie-moerke.de\/site\/reproduktionen\/","og_locale":"de_DE","og_type":"article","og_title":"Reproduktionen - Fotografie M\u00f6rke","og_description":"Wir digitalisieren deine alten Bilder und machen daraus neue! Bei Bedarf retuschieren wir Knicke und Verunreinigungen heraus. Farbstiche k\u00f6nnen entfernt oder gemildert werden. Komm einfach mit deinem Bild vorbei, und wir erkl\u00e4ren dir deine M\u00f6glichkeiten. Was kann digitalisiert werden? Fotos, Dias, Gem\u00e4lde, Kleinbildfilme, Mittelformatfilme, Glasnegative und \u00c4hnliches. Vom winzigen Passbild bis zur komplett bemalten Wand.Wenn &hellip; \u201eReproduktionen\u201c weiterlesen","og_url":"https:\/\/www.fotografie-moerke.de\/site\/reproduktionen\/","og_site_name":"Fotografie M\u00f6rke","article_publisher":"https:\/\/www.facebook.com\/fotografiemoerke","article_modified_time":"2022-12-05T11:36:28+00:00","og_image":[{"url":"https:\/\/www.fotografie-moerke.de\/site\/wp-content\/uploads\/2018\/03\/theme013-1024x614.jpg","type":"","width":"","height":""}],"twitter_card":"summary_large_image","twitter_misc":{"Gesch\u00e4tzte Lesezeit":"2\u00a0Minuten"},"schema":{"@context":"https:\/\/schema.org","@graph":[{"@type":"WebPage","@id":"https:\/\/www.fotografie-moerke.de\/site\/reproduktionen\/","url":"https:\/\/www.fotografie-moerke.de\/site\/reproduktionen\/","name":"Reproduktionen - Fotografie M\u00f6rke","isPartOf":{"@id":"https:\/\/www.fotografie-moerke.de\/site\/#website"},"primaryImageOfPage":{"@id":"https:\/\/www.fotografie-moerke.de\/site\/reproduktionen\/#primaryimage"},"image":{"@id":"https:\/\/www.fotografie-moerke.de\/site\/reproduktionen\/#primaryimage"},"thumbnailUrl":"https:\/\/www.fotografie-moerke.de\/site\/wp-content\/uploads\/2018\/03\/theme013-1024x614.jpg","datePublished":"2020-03-03T10:17:15+00:00","dateModified":"2022-12-05T11:36:28+00:00","breadcrumb":{"@id":"https:\/\/www.fotografie-moerke.de\/site\/reproduktionen\/#breadcrumb"},"inLanguage":"de","potentialAction":[{"@type":"ReadAction","target":["https:\/\/www.fotografie-moerke.de\/site\/reproduktionen\/"]}]},{"@type":"ImageObject","inLanguage":"de","@id":"https:\/\/www.fotografie-moerke.de\/site\/reproduktionen\/#primaryimage","url":"https:\/\/www.fotografie-moerke.de\/site\/wp-content\/uploads\/2018\/03\/theme013-scaled.jpg","contentUrl":"https:\/\/www.fotografie-moerke.de\/site\/wp-content\/uploads\/2018\/03\/theme013-scaled.jpg","width":2560,"height":1536},{"@type":"BreadcrumbList","@id":"https:\/\/www.fotografie-moerke.de\/site\/reproduktionen\/#breadcrumb","itemListElement":[{"@type":"ListItem","position":1,"name":"Startseite","item":"https:\/\/www.fotografie-moerke.de\/site\/"},{"@type":"ListItem","position":2,"name":"Reproduktionen"}]},{"@type":"WebSite","@id":"https:\/\/www.fotografie-moerke.de\/site\/#website","url":"https:\/\/www.fotografie-moerke.de\/site\/","name":"Fotografie M\u00f6rke","description":"Immer besonders.","publisher":{"@id":"https:\/\/www.fotografie-moerke.de\/site\/#organization"},"potentialAction":[{"@type":"SearchAction","target":{"@type":"EntryPoint","urlTemplate":"https:\/\/www.fotografie-moerke.de\/site\/?s={search_term_string}"},"query-input":{"@type":"PropertyValueSpecification","valueRequired":true,"valueName":"search_term_string"}}],"inLanguage":"de"},{"@type":"Organization","@id":"https:\/\/www.fotografie-moerke.de\/site\/#organization","name":"Fotografie M\u00f6rke","url":"https:\/\/www.fotografie-moerke.de\/site\/","logo":{"@type":"ImageObject","inLanguage":"de","@id":"https:\/\/www.fotografie-moerke.de\/site\/#\/schema\/logo\/image\/","url":"https:\/\/www.fotografie-moerke.de\/site\/wp-content\/uploads\/2017\/02\/Logo.jpg","contentUrl":"https:\/\/www.fotografie-moerke.de\/site\/wp-content\/uploads\/2017\/02\/Logo.jpg","width":3508,"height":1156,"caption":"Fotografie M\u00f6rke"},"image":{"@id":"https:\/\/www.fotografie-moerke.de\/site\/#\/schema\/logo\/image\/"},"sameAs":["https:\/\/www.facebook.com\/fotografiemoerke"]}]}},"_links":{"self":[{"href":"https:\/\/www.fotografie-moerke.de\/site\/wp-json\/wp\/v2\/pages\/1181"}],"collection":[{"href":"https:\/\/www.fotografie-moerke.de\/site\/wp-json\/wp\/v2\/pages"}],"about":[{"href":"https:\/\/www.fotografie-moerke.de\/site\/wp-json\/wp\/v2\/types\/page"}],"author":[{"embeddable":true,"href":"https:\/\/www.fotografie-moerke.de\/site\/wp-json\/wp\/v2\/users\/1"}],"replies":[{"embeddable":true,"href":"https:\/\/www.fotografie-moerke.de\/site\/wp-json\/wp\/v2\/comments?post=1181"}],"version-history":[{"count":9,"href":"https:\/\/www.fotografie-moerke.de\/site\/wp-json\/wp\/v2\/pages\/1181\/revisions"}],"predecessor-version":[{"id":1769,"href":"https:\/\/www.fotografie-moerke.de\/site\/wp-json\/wp\/v2\/pages\/1181\/revisions\/1769"}],"wp:attachment":[{"href":"https:\/\/www.fotografie-moerke.de\/site\/wp-json\/wp\/v2\/media?parent=1181"}],"curies":[{"name":"wp","href":"https:\/\/api.w.org\/{rel}","templated":true}]}}